te the highest common factor of 142845 and 89445.
1335
What is the highest common factor of 968139080 and 26720?
6680
Calculate the greatest common divisor of 1687623 and 483.
21
What is the highest common factor of 558026 and 15134?
322
Calculate the greatest common factor of 1955616 and 291408.
624
Calculate the highest common factor of 3434222 and 17204.
506
What is the greatest common factor of 36356969 and 44?
11
What is the highest common divisor of 152 and 7875823?
19
What is the highest common factor of 4661 and 1210857?
59
What is the greatest common factor of 3976 and 40715021?
71
What is the greatest common factor of 203427320 and 40?
40
Calculate the highest common divisor of 68341 and 49868.
91
What is the greatest common factor of 4304108347 and 2422?
1211
Calculate the greatest common divisor of 494 and 809913.
247
What is the highest common divisor of 4672 and 28188512?
2336
Calculate the greatest common divisor of 1887 and 62715.
111
What is the highest common factor of 57341515 and 48510?
2695
Calculate the highest common factor of 1080 and 1844331660.
540
Calculate the greatest common factor of 1939193 and 1179.
131
What is the highest common factor of 1431718 and 24?
2
Calculate the greatest common divisor of 186 and 1045237850.
62
What is the greatest common divisor of 22456 and 1734226354?
5614
What is the highest common factor of 1499204 and 56154?
98
What is the greatest common divisor of 3425 and 5354450?
25
Calculate the greatest common divisor of 30691662 and 4758.
366
Calculate the greatest common factor of 218759 and 2596507.
773
What is the highest common factor of 28 and 19814410?
14
Calculate the greatest common factor of 73 and 41513567.
73
What is the highest common factor of 177611922 and 181754?
9566
Calculate the greatest common factor of 90085241 and 2.
1
What is the greatest common divisor of 10565093 and 1188?
11
What is the highest common factor of 900 and 30290580?
180
Calculate the highest common divisor of 977 and 9836.
1
What is the greatest common divisor of 28 and 9795086?
14
Calculate the highest common divisor of 6174 and 5026.
14
What is the highest common divisor of 1832 and 4416494?
458
Calculate the highest common divisor of 4 and 17167154.
2
Calculate the highest common divisor of 68190825 and 73865.
6715
What is the highest common divisor of 1024 and 23049728?
512
What is the highest common divisor of 36261 and 103989?
51
What is the highest common factor of 96415025 and 6099?
2033
Calculate the highest common factor of 6015769 and 1570.
157
Calculate the highest common factor of 116 and 1139588.
4
Calculate the greatest common divisor of 1903 and 2510922.
173
What is the highest common factor of 4087 and 7895779?
61
Calculate the highest common factor of 3852 and 8686548.
36
Calculate the highest common divisor of 8160 and 1316820.
1020
What is the greatest common factor of 9075 and 22817575?
3025
Calculate the highest common factor of 13613072 and 48.
16
What is the highest common factor of 2345753536 and 7?
7
What is the greatest common factor of 739 and 1475693581?
739
Calculate the greatest common factor of 46201 and 337169.
983
What is the highest common factor of 900288 and 8640?
1728
What is the greatest common divisor of 704 and 34530221?
11
Calculate the highest common factor of 220 and 1058156.
44
Calculate the highest common divisor of 5350956 and 156.
156
What is the highest common divisor of 3 and 517233?
3
What is the greatest common factor of 8337695 and 59495?
365
Calculate the greatest common divisor of 859888 and 2058736.
3568
What is the highest common factor of 11034488 and 4300?
172
Calculate the greatest common factor of 5778 and 31491277.
107
Calculate the greatest common factor of 67490874 and 33.
33
Calculate the highest common divisor of 4396 and 431181660.
4396
What is the highest common factor of 35574 and 561?
33
What is the greatest common factor of 24 and 59280744?
24
Calculate the highest common factor of 4240350 and 5140.
10
What is the highest common factor of 48690829 and 1916?
479
Calculate the greatest common factor of 13495388 and 276.
92
Calculate the greatest common divisor of 16043029 and 667.
23
Calculate the greatest common divisor of 3584 and 5503232.
1792
Calculate the highest common factor of 1663285 and 2405.
65
Calculate the highest common divisor of 1503 and 1340073.
9
Calculate the greatest common divisor of 406611848 and 680.
136
Calculate the highest common factor of 3497578 and 28.
14
Calculate the highest common factor of 13952407 and 49.
49
What is the highest common factor of 1044 and 1782936?
36
Calculate the greatest common divisor of 13839 and 213.
3
What is the highest common divisor of 290 and 73602?
58
What is the greatest common factor of 24589481 and 21?
7
Calculate the highest common divisor of 306 and 4304434.
34
Calculate the highest common divisor of 4731551 and 2299.
209
What is the greatest common factor of 204 and 117704991?
51
What is the greatest common divisor of 127 and 19080099?
127
Calculate the greatest common factor of 18145896 and 368.
184
What is the highest common factor of 188493 and 9910644?
2271
What is the highest common divisor of 41380 and 978920?
20
Calculate the greatest common factor of 518346 and 756.
54
Calculate the greatest common divisor of 97804 and 12373204.
1996
What is the highest common divisor of 900 and 12244950?
450
What is the greatest common factor of 12831 and 182553?
21
Calculate the greatest common factor of 19187 and 153097.
7
What is the highest common factor of 41680 and 32080?
80
Calculate the highest common factor of 1131717 and 899.
31
What is the highest common factor of 470 and 5181420?
10
Calculate the highest common factor of 1772064 and 8883.
189
Calculate the highest common divisor of 53556408 and 12192.
3048
What is the highest common divisor of 120 and 309498?
6
What is the highest common divisor of 7798 and 113456?
14
Calculate the highest common factor of 55281455 and 265.
5
Calculate the greatest common factor of 73746 and 11075878.
482
Calculate the highest common factor of 19968 and 1124994.
78
Calculate the highest common divisor of 40 and 1821000.
40
What is the greatest common divisor of 15 and 1420060725?
15
What is the highest common factor of 20115 and 211785?
15
What is the highest common factor of 670 and 359758510?
670
What is the greatest common factor of 15483 and 4354296?
1191
Calculate the highest common divisor of 520534 and 224.
14
What is the highest common factor of 203670 and 555210?
2790
What is the highest common factor of 6149 and 37508427?
473
Calculate the highest common factor of 10256 and 5758103.
641
Calculate the greatest common divisor of 3912062 and 77.
77
What is the greatest common factor of 14004 and 212472?
36
Calculate the highest common divisor of 33930954 and 297.
27
What is the highest common divisor of 9207534 and 1476?
246
What is the greatest common divisor of 390 and 13284180?
390
What is the highest common factor of 959007 and 987?
21
What is the highest common divisor of 784 and 2588264?
56
What is the highest common factor of 51367506 and 852?
426
What is the highest common factor of 6885 and 134622?
81
Calculate the greatest common divisor of 45072 and 10339016.
2504
Calculate the highest common factor of 533 and 13838894.
41
Calculate the highest common divisor of 105 and 113326300.
5
Calculate the greatest common factor of 4452 and 1786524.
636
Calculate the highest common divisor of 34898697 and 225.
9
Calculate the greatest common divisor of 4138119 and 171.
9
Calculate the highest common divisor of 24 and 23614304.
8
Calculate the highest common divisor of 79 and 32413226.
79
What is the greatest common divisor of 1460184 and 5412?
132
What is the highest common divisor of 468719121 and 204?
51
Calculate the greatest common factor of 980 and 49554295.
35
What is the highest common factor of 3613186800 and 30?
30
What is the greatest common divisor of 2188353 and 255?
3
What is the highest common factor of 112 and 32962832?
112
Calculate the highest common divisor of 3805216 and 64.
32
Calculate the greatest common factor of 672483 and 3795.
3
What is the highest common divisor of 137896 and 24508?
44
Calculat